204?
188
Calculate the greatest common factor of 14 and 9582825.
7
What is the highest common factor of 87275 and 425?
25
What is the greatest common divisor of 367056 and 144?
144
Calculate the greatest common divisor of 140640 and 384.
96
What is the highest common factor of 106932 and 665?
133
What is the greatest common factor of 225 and 1065?
15
What is the highest common factor of 226327 and 801?
89
What is the highest common factor of 356846 and 28?
14
Calculate the greatest common divisor of 235 and 38023.
47
Calculate the highest common divisor of 9352 and 7784.
56
Calculate the highest common factor of 1 and 442949.
1
What is the greatest common divisor of 49 and 4837?
7
Calculate the greatest common divisor of 1032 and 15824.
344
What is the highest common factor of 5 and 2261?
1
Calculate the highest common divisor of 114608 and 1824.
304
What is the highest common factor of 614516 and 476?
476
Calculate the highest common factor of 40874 and 2674.
382
What is the highest common divisor of 124035 and 15?
15
What is the highest common divisor of 284238 and 72?
18
Calculate the highest common divisor of 158607 and 90.
9
What is the highest common divisor of 2614116 and 3222?
1074
Calculate the highest common factor of 11957991 and 618.
309
What is the highest common factor of 18369 and 37?
1
What is the highest common divisor of 70595 and 7?
7
Calculate the highest common factor of 128532 and 12.
12
What is the highest common divisor of 126 and 606?
6
What is the highest common factor of 96 and 61728?
96
Calculate the highest common factor of 951 and 229508.
317
What is the greatest common divisor of 1736 and 87752?
56
What is the highest common factor of 171 and 283347?
171
Calculate the highest common divisor of 28776 and 16632.
264
What is the greatest common divisor of 88 and 358?
2
Calculate the greatest common divisor of 888 and 393384.
888
Calculate the highest common factor of 417846 and 572.
286
What is the greatest common factor of 96400 and 5800?
200
What is the highest common factor of 37 and 153809?
37
Calculate the highest common factor of 955750 and 250.
250
Calculate the greatest common divisor of 22 and 1410112.
22
Calculate the greatest common factor of 143325 and 294.
147
What is the highest common divisor of 4021820 and 10?
10
What is the highest common factor of 43940 and 20?
20
What is the greatest common divisor of 1199 and 781?
11
What is the greatest common divisor of 2135 and 15995?
35
Calculate the highest common factor of 23392 and 5440.
544
Calculate the highest common factor of 498729 and 66.
33
Calculate the greatest common factor of 86 and 94471.
43
Calculate the greatest common factor of 41616 and 474.
6
What is the highest common factor of 34 and 140726?
34
What is the greatest common factor of 4050 and 830?
10
Calculate the greatest common divisor of 10295 and 258795.
355
Calculate the greatest common factor of 35397 and 44802.
171
What is the highest common divisor of 332493 and 71?
71
Calculate the highest common divisor of 3367158 and 31.
31
What is the greatest common factor of 1666 and 9962?
34
What is the greatest common factor of 833 and 2610979?
119
Calculate the highest common divisor of 1216 and 47462.
38
Calculate the highest common divisor of 13 and 55133.
13
What is the highest common factor of 1416 and 51802?
118
Calculate the highest common divisor of 686 and 85456.
98
What is the highest common factor of 540596 and 70?
14
Calculate the greatest common factor of 12 and 272684.
4
What is the greatest common factor of 40 and 17500?
20
What is the highest common divisor of 462189 and 273?
273
What is the greatest common factor of 910 and 264446?
182
What is the highest common divisor of 1 and 98473?
1
Calculate the highest common factor of 2758 and 5068.
14
Calculate the highest common divisor of 25 and 27601.
1
Calculate the greatest common factor of 55172 and 156.
52
Calculate the highest common divisor of 60066 and 4794.
282
What is the greatest common factor of 1734 and 561?
51
What is the greatest common divisor of 414 and 73715?
23
Calculate the highest common factor of 6883 and 98.
1
Calculate the highest common divisor of 2223 and 49153.
247
What is the greatest common divisor of 3366 and 270?
18
What is the greatest common factor of 121948 and 344?
172
What is the highest common factor of 7620 and 3720?
60
What is the greatest common factor of 159668 and 25868?
892
What is the greatest common divisor of 680 and 6035?
85
Calculate the greatest common factor of 17602 and 3328.
26
Calculate the highest common factor of 1221 and 1650.
33
Calculate the greatest common divisor of 1824 and 33888.
96
Calculate the greatest common factor of 330 and 9030.
30
Calculate the highest common divisor of 308269 and 23.
23
Calculate the highest common factor of 520 and 16315.
65
What is the greatest common divisor of 132496 and 1001?
91
Calculate the highest common divisor of 455063 and 245.
49
What is the highest common divisor of 1134 and 11942?
14
Calculate the highest common factor of 2607 and 14141.
79
Calculate the greatest common factor of 5915 and 665.
35
Calculate the highest common factor of 50 and 1052250.
50
Calculate the highest common factor of 16017 and 527718.
843
Calculate the highest common divisor of 1111557 and 114.
57
What is the greatest common divisor of 2754833 and 51?
17
Calculate the greatest common factor of 44 and 1427877.
11
What is the highest common divisor of 21 and 91413?
21
What is the highest common factor of 561 and 7656?
33
What is the highest common factor of 1557 and 53199?
9
Calculate the highest common divisor of 27565 and 1937.
149
Calculate the greatest common divisor of 999 and 3699.
27
What is the greatest common factor of 944832 and 684?
228
Calculate the highest common divisor of 1560 and 111774.
78
What is the highest common divisor of 1796 and 3608?
4
What is the greatest common factor of 979 and 267?
89
What is the highest common factor of 286461 and 63?
63
Calculate the greatest common divisor of 4576 and 19968.
416
Calculate the highest common factor of 2726125 and 125.
125
Calculate the greatest common divisor of 126 and 34034.
14
What is the highest common divisor of 6757 and 699?
233
What is the highest common factor of 155550 and 1700?
850
Calculate the greatest common divisor of 1320 and 27104.
88
What is the greatest common divisor of 3872 and 13189?
121
What is the greatest common factor of 3072 and 48?
48
What is the greatest common factor of 84 and 994476?
84
What is the highest common factor of 16100 and 12420?
460
Calculate the greatest common factor of 1479 and 22389.
51
Calculate the greatest common factor of 3008 and 64014.
94
What is the greatest common factor of 27846 and 3672?
306
What is the greatest common factor of 95 and 42997?
19
What is the highest common factor of 300709 and 166?
83
Calculate the greatest common divisor of 204 and 510.
102
Calculate the greatest common divisor of 3633 and 882.
21
What is the greatest common divisor of 527 and 38?
1
Calculate the highest common divisor of 455017 and 1412.
353
What is the highest common factor of 381 and 2429637?
381
Calculate the greatest common factor of 5266686 and 342.
114
What is the greatest common factor of 2576 and 20272?
112
Calculate the greatest common factor of 247446 and 236.
118
What is the highest common divisor of 24064 and 32?
32
Calculate the greatest common divisor of 319 and 48169.
319
What is the greatest common factor of 3077 and 1434787?
181
Calculate the greatest common factor of 69 and 39399.
69
Calculate the highest common factor of 76952 and 216.
8
What is the highest common divisor of 759 and 22563?
69
What is the greatest common divisor of 20816 and 16?
16
What is the highest common factor of 357 and 38073?
21
What is the highest common factor of 704 and 9790?
22
What is the highest common factor of 84 and 524104?
28
Calculate the highest common divisor of 42 and 129094.
14
Calculate the highest common factor of 3498 and 6095.
53
What is the greatest common divisor of 1154 and 14?
2
What is the highest common divisor of 49 and 352457?
49
What is the highest common factor of 12233 and 181613?
941
What is the highest common divisor of 426 and